{"id":1688,"date":"2025-06-07T14:45:46","date_gmt":"2025-06-07T12:45:46","guid":{"rendered":"https:\/\/djantao.com\/?page_id=1688"},"modified":"2025-06-07T14:48:44","modified_gmt":"2025-06-07T12:48:44","slug":"politique-de-gestion-des-cookies","status":"publish","type":"page","link":"https:\/\/djantao.com\/?page_id=1688","title":{"rendered":"Politique de gestion des cookies"},"content":{"rendered":"<style>.kb-row-layout-id1688_0ae93b-d5 > .kt-row-column-wrap{align-content:start;}:where(.kb-row-layout-id1688_0ae93b-d5 > .kt-row-column-wrap) > .wp-block-kadence-column{justify-content:start;}.kb-row-layout-id1688_0ae93b-d5 > .kt-row-column-wrap{column-gap:var(--global-kb-gap-md, 2rem);row-gap:var(--global-kb-gap-md, 2rem);max-width:var( --global-content-width, 1290px );padding-left:var(--global-content-edge-padding);padding-right:var(--global-content-edge-padding);padding-top:40px;padding-bottom:60px;grid-template-columns:minmax(0, 1fr);}.kb-row-layout-id1688_0ae93b-d5 > .kt-row-layout-overlay{opacity:0.60;background-image:url('https:\/\/djantao.com\/wp-content\/uploads\/2021\/12\/pexels-aleksandar-pasaric-13213712-1.jpg');background-size:cover;background-position:center center;background-attachment:scroll;background-repeat:no-repeat;mix-blend-mode:multiply;}@media all and (max-width: 1024px){.kb-row-layout-id1688_0ae93b-d5 > .kt-row-column-wrap{grid-template-columns:minmax(0, 1fr);}}@media all and (max-width: 767px){.kb-row-layout-id1688_0ae93b-d5 > .kt-row-column-wrap{grid-template-columns:minmax(0, 1fr);}}<\/style><div class=\"kb-row-layout-wrap kb-row-layout-id1688_0ae93b-d5 alignnone has-theme-palette8-background-color kt-row-has-bg wp-block-kadence-rowlayout\"><div class=\"kt-row-layout-overlay kt-row-overlay-normal\"><\/div><div class=\"kt-row-column-wrap kt-has-1-columns kt-row-layout-equal kt-tab-layout-inherit kt-mobile-layout-row kt-row-valign-top kb-theme-content-width\">\n<style>.kadence-column1688_99cbd3-5b > .kt-inside-inner-col,.kadence-column1688_99cbd3-5b > .kt-inside-inner-col:before{border-top-left-radius:0px;border-top-right-radius:0px;border-bottom-right-radius:0px;border-bottom-left-radius:0px;}.kadence-column1688_99cbd3-5b > .kt-inside-inner-col{column-gap:var(--global-kb-gap-sm, 1rem);}.kadence-column1688_99cbd3-5b > .kt-inside-inner-col{flex-direction:column;}.kadence-column1688_99cbd3-5b > .kt-inside-inner-col > .aligncenter{width:100%;}.kadence-column1688_99cbd3-5b > .kt-inside-inner-col:before{opacity:0.3;}.kadence-column1688_99cbd3-5b{position:relative;}@media all and (max-width: 1024px){.kadence-column1688_99cbd3-5b > .kt-inside-inner-col{flex-direction:column;}}@media all and (max-width: 767px){.kadence-column1688_99cbd3-5b > .kt-inside-inner-col{flex-direction:column;}}<\/style>\n<div class=\"wp-block-kadence-column kadence-column1688_99cbd3-5b inner-column-1\"><div class=\"kt-inside-inner-col\"><style>.wp-block-kadence-advancedheading.kt-adv-heading1688_e62ea6-0e, .wp-block-kadence-advancedheading.kt-adv-heading1688_e62ea6-0e[data-kb-block=\"kb-adv-heading1688_e62ea6-0e\"]{text-align:center;font-style:normal;}.wp-block-kadence-advancedheading.kt-adv-heading1688_e62ea6-0e mark.kt-highlight, .wp-block-kadence-advancedheading.kt-adv-heading1688_e62ea6-0e[data-kb-block=\"kb-adv-heading1688_e62ea6-0e\"] mark.kt-highlight{font-style:normal;color:#f76a0c;-webkit-box-decoration-break:clone;box-decoration-break:clone;padding-top:0px;padding-right:0px;padding-bottom:0px;padding-left:0px;}<\/style>\n<h6 class=\"kt-adv-heading1688_e62ea6-0e wp-block-kadence-advancedheading\" data-kb-block=\"kb-adv-heading1688_e62ea6-0e\"><\/h6>\n\n<style>.wp-block-kadence-advancedheading.kt-adv-heading1688_97935e-a1, .wp-block-kadence-advancedheading.kt-adv-heading1688_97935e-a1[data-kb-block=\"kb-adv-heading1688_97935e-a1\"]{text-align:center;font-style:normal;}.wp-block-kadence-advancedheading.kt-adv-heading1688_97935e-a1 mark.kt-highlight, .wp-block-kadence-advancedheading.kt-adv-heading1688_97935e-a1[data-kb-block=\"kb-adv-heading1688_97935e-a1\"] mark.kt-highlight{font-style:normal;color:#f76a0c;-webkit-box-decoration-break:clone;box-decoration-break:clone;padding-top:0px;padding-right:0px;padding-bottom:0px;padding-left:0px;}<\/style>\n<h1 class=\"kt-adv-heading1688_97935e-a1 wp-block-kadence-advancedheading\" data-kb-block=\"kb-adv-heading1688_97935e-a1\">Politique de gestion des cookies<\/h1>\n\n<style>.wp-block-kadence-advancedheading.kt-adv-heading1688_3ee97e-80, .wp-block-kadence-advancedheading.kt-adv-heading1688_3ee97e-80[data-kb-block=\"kb-adv-heading1688_3ee97e-80\"]{text-align:center;font-style:normal;}.wp-block-kadence-advancedheading.kt-adv-heading1688_3ee97e-80 mark.kt-highlight, .wp-block-kadence-advancedheading.kt-adv-heading1688_3ee97e-80[data-kb-block=\"kb-adv-heading1688_3ee97e-80\"] mark.kt-highlight{font-style:normal;color:#f76a0c;-webkit-box-decoration-break:clone;box-decoration-break:clone;padding-top:0px;padding-right:0px;padding-bottom:0px;padding-left:0px;}<\/style>\n<p class=\"kt-adv-heading1688_3ee97e-80 wp-block-kadence-advancedheading has-theme-palette-4-color has-text-color\" data-kb-block=\"kb-adv-heading1688_3ee97e-80\"><\/p><\/div><\/div>\n<\/div><\/div><style>.kb-row-layout-id1688_9e1353-c9 > .kt-row-column-wrap{align-content:start;}:where(.kb-row-layout-id1688_9e1353-c9 > .kt-row-column-wrap) > .wp-block-kadence-column{justify-content:start;}.kb-row-layout-id1688_9e1353-c9 > .kt-row-column-wrap{column-gap:var(--global-kb-gap-md, 2rem);row-gap:var(--global-kb-gap-md, 2rem);max-width:var( --global-content-width, 1290px );padding-left:var(--global-content-edge-padding);padding-right:var(--global-content-edge-padding);padding-top:80px;padding-bottom:80px;grid-template-columns:minmax(0, 1fr);}.kb-row-layout-id1688_9e1353-c9 > .kt-row-layout-overlay{opacity:0.44;mix-blend-mode:multiply;}@media all and (max-width: 1024px){.kb-row-layout-id1688_9e1353-c9 > .kt-row-column-wrap{grid-template-columns:minmax(0, 1fr);}}@media all and (max-width: 767px){.kb-row-layout-id1688_9e1353-c9 > .kt-row-column-wrap{grid-template-columns:minmax(0, 1fr);}}.kb-row-layout-id1688_9e1353-c9 .rotate-text {n  transform-origin: 0 0;n    transform: rotate(n-90degn);n    position: absolute;n    width: 320%;n    bottom: 0;n    margin-left: 40px;n}n.kb-row-layout-id1688_9e1353-c9 .kt-inside-inner-col {n  position: relative;n}<\/style><div class=\"kb-row-layout-wrap kb-row-layout-id1688_9e1353-c9 alignnone has-theme-palette8-background-color kt-row-has-bg wp-block-kadence-rowlayout\"><div class=\"kt-row-column-wrap kt-has-1-columns kt-row-layout-equal kt-tab-layout-inherit kt-mobile-layout-row kt-row-valign-top kb-theme-content-width\">\n<style>.kadence-column1688_a59432-ae > .kt-inside-inner-col,.kadence-column1688_a59432-ae > .kt-inside-inner-col:before{border-top-left-radius:0px;border-top-right-radius:0px;border-bottom-right-radius:0px;border-bottom-left-radius:0px;}.kadence-column1688_a59432-ae > .kt-inside-inner-col{column-gap:var(--global-kb-gap-sm, 1rem);}.kadence-column1688_a59432-ae > .kt-inside-inner-col{flex-direction:column;}.kadence-column1688_a59432-ae > .kt-inside-inner-col > .aligncenter{width:100%;}.kadence-column1688_a59432-ae > .kt-inside-inner-col:before{opacity:0.3;}.kadence-column1688_a59432-ae{position:relative;}@media all and (max-width: 1024px){.kadence-column1688_a59432-ae > .kt-inside-inner-col{flex-direction:column;}}@media all and (max-width: 767px){.kadence-column1688_a59432-ae > .kt-inside-inner-col{flex-direction:column;}}<\/style>\n<div class=\"wp-block-kadence-column kadence-column1688_a59432-ae\"><div class=\"kt-inside-inner-col\"><p>Chez <strong>DJANTA\u2019O<\/strong>, nous valorisons la qualit\u00e9, l\u2019\u00e9thique et le respect \u2013 des valeurs que nous appliquons aussi dans notre mani\u00e8re de collecter et d\u2019utiliser les donn\u00e9es, notamment \u00e0 travers les cookies. Notre objectif est de vous offrir une navigation fluide, utile et respectueuse de votre vie priv\u00e9e.<\/p>\n\n<h3 class=\"wp-block-heading\"><strong>1. Qu\u2019est-ce qu\u2019un cookie ?<\/strong><\/h3>\n\n<p>Un <strong>cookie<\/strong> est un petit fichier texte d\u00e9pos\u00e9 sur votre terminal (ordinateur, smartphone, tablette) lors de votre visite sur notre site. Il permet de <strong>reconna\u00eetre votre appareil<\/strong>, de <strong>m\u00e9moriser vos pr\u00e9f\u00e9rences<\/strong> ou encore de <strong>mesurer l\u2019audience du site<\/strong> pour mieux l\u2019am\u00e9liorer.<\/p>\n\n<h3 class=\"wp-block-heading\"><strong>2. Pourquoi utilisons-nous des cookies ?<\/strong><\/h3>\n\n<p>Dans le cadre de notre mission \u2013 valoriser localement, promouvoir une consommation responsable et faire rayonner les produits de notre terroir \u2013 nous utilisons les cookies pour les raisons suivantes :<\/p>\n\n<ul class=\"wp-block-list\"><li><strong>Am\u00e9liorer votre navigation<\/strong> (m\u00e9morisation de la langue, du panier, etc.)<\/li>\n\n<li><strong>Mesurer l\u2019audience et les performances du site<\/strong><\/li>\n\n<li><strong>Assurer la s\u00e9curit\u00e9 et le bon fonctionnement du site<\/strong><\/li>\n\n<li><strong>Proposer du contenu adapt\u00e9 \u00e0 vos int\u00e9r\u00eats<\/strong><\/li><\/ul>\n\n<blockquote class=\"wp-block-quote is-layout-flow wp-block-quote-is-layout-flow\"><p>Chez DJANTA\u2019O, nous utilisons les cookies avec la m\u00eame exigence de qualit\u00e9 et de respect que pour nos produits.<\/p><\/blockquote>\n\n<h3 class=\"wp-block-heading\"><strong>3. Types de cookies utilis\u00e9s<\/strong><\/h3>\n\n<ul class=\"wp-block-list\"><li><strong>Cookies strictement n\u00e9cessaires<\/strong> : essentiels au fonctionnement du site. Sans eux, certaines fonctionnalit\u00e9s ne seraient pas accessibles.<\/li>\n\n<li><strong>Cookies de performance<\/strong> : nous aident \u00e0 comprendre comment les visiteurs interagissent avec notre site, pour l\u2019optimiser.<\/li>\n\n<li><strong>Cookies de personnalisation<\/strong> : permettent de m\u00e9moriser vos choix (langue, pr\u00e9f\u00e9rences).<\/li>\n\n<li><strong>Cookies marketing<\/strong> <em>(si activ\u00e9s)<\/em> : utilis\u00e9s pour afficher des offres cibl\u00e9es, sur notre site ou via des partenaires.<\/li><\/ul>\n\n<h3 class=\"wp-block-heading\"><strong>4. Consentement et gestion des cookies<\/strong><\/h3>\n\n<p>Lors de votre premi\u00e8re visite, un <strong>bandeau d&rsquo;information<\/strong> vous permet de :<\/p>\n\n<ul class=\"wp-block-list\"><li><strong>Accepter tous les cookies<\/strong><\/li>\n\n<li style=\"margin-top:0;margin-bottom:0;padding-top:0;padding-bottom:0\"><strong>Refuser tous les cookies non essentiels<\/strong><\/li>\n\n<li><strong>Personnaliser vos choix<\/strong><\/li><\/ul>\n\n<p>Vous pouvez <strong>modifier votre consentement \u00e0 tout moment<\/strong> en acc\u00e9dant aux <strong>param\u00e8tres de cookies<\/strong> disponibles en bas de chaque page du site.<\/p>\n\n<h3 class=\"wp-block-heading\"><strong>5. Dur\u00e9e de conservation des cookies<\/strong><\/h3>\n\n<p>Les cookies sont stock\u00e9s pour une dur\u00e9e maximale de <strong>13 mois<\/strong>, conform\u00e9ment \u00e0 la r\u00e9glementation en vigueur. Pass\u00e9 ce d\u00e9lai, votre consentement sera de nouveau demand\u00e9.<\/p>\n\n<h3 class=\"wp-block-heading\"><strong>6. Vos droits<\/strong><\/h3>\n\n<p>Conform\u00e9ment \u00e0 la l\u00e9gislation applicable (RGPD, ePrivacy), vous disposez d\u2019un droit d\u2019acc\u00e8s, de rectification, d\u2019opposition et de suppression concernant vos donn\u00e9es, y compris celles collect\u00e9es via des cookies.<br>Pour toute demande, vous pouvez nous contacter \u00e0 : \ud83d\udce7 <strong><a>contact@djantao.com<\/a><\/strong><\/p>\n\n<h3 class=\"wp-block-heading\"><strong>7. Mise \u00e0 jour<\/strong><\/h3>\n\n<p>DJANTA\u2019O se r\u00e9serve le droit de modifier la pr\u00e9sente politique de gestion des cookies \u00e0 tout moment. La date de mise \u00e0 jour figure en bas de ce document.<br>Notre activit\u00e9 principale repose sur la transformation du fruit de baobab, un super-aliment reconnu pour ses vertus nutritionnelles et m\u00e9dicinales. Nous produisons des d\u00e9riv\u00e9s naturels tels que la poudre et le jus de baobab, dans le respect des normes sanitaires et environnementales en vigueur. DJANTA\u2019O m\u00e8ne \u00e9galement des activit\u00e9s dans le commerce g\u00e9n\u00e9ral, avec la m\u00eame exigence de qualit\u00e9, d\u2019\u00e9thique et de proximit\u00e9<\/p>\n\n<h3 class=\"wp-block-heading\"><strong>2. Objet des CGU<\/strong><\/h3>\n\n<p>Les pr\u00e9sentes Conditions G\u00e9n\u00e9rales d\u2019Utilisation ont pour objet de d\u00e9finir les modalit\u00e9s d\u2019acc\u00e8s et d\u2019utilisation du site internet de DJANTA\u2019O. En naviguant sur notre site, vous acceptez, sans r\u00e9serve, les pr\u00e9sentes conditions.<\/p>\n\n<h3 class=\"wp-block-heading\"><strong>3. Acc\u00e8s au site<\/strong><\/h3>\n\n<p>L\u2019acc\u00e8s au site est libre et gratuit. Toutefois, certains contenus ou services peuvent \u00eatre r\u00e9serv\u00e9s \u00e0 des utilisateurs identifi\u00e9s ou n\u00e9cessiter la cr\u00e9ation d\u2019un compte.<\/p>\n\n<h3 class=\"wp-block-heading\"><strong>4. Propri\u00e9t\u00e9 intellectuelle<\/strong><\/h3>\n\n<p>L\u2019ensemble des contenus pr\u00e9sents sur ce site (textes, images, logos, vid\u00e9os, marques, etc.) sont la propri\u00e9t\u00e9 exclusive de DJANTA\u2019O ou de ses partenaires. Toute reproduction ou utilisation sans autorisation pr\u00e9alable est strictement interdite.<\/p>\n\n<h3 class=\"wp-block-heading\"><strong>5. Produits et services<\/strong><\/h3>\n\n<p>Les produits pr\u00e9sent\u00e9s sur le site, notamment ceux issus du baobab, sont \u00e9labor\u00e9s avec soin dans le respect des normes de qualit\u00e9. DJANTA\u2019O s\u2019engage \u00e0 fournir des informations exactes sur ses produits, mais ne peut garantir l\u2019absence totale d\u2019erreurs typographiques ou omissions.<\/p>\n\n<h3 class=\"wp-block-heading\"><strong>6. Responsabilit\u00e9s<\/strong><\/h3>\n\n<p>DJANTA\u2019O met tout en \u0153uvre pour assurer le bon fonctionnement du site. Toutefois, la responsabilit\u00e9 de l\u2019entreprise ne saurait \u00eatre engag\u00e9e en cas de dysfonctionnement technique, d\u2019interruption temporaire de service ou de dommages li\u00e9s \u00e0 l\u2019utilisation du site.<\/p>\n\n<h3 class=\"wp-block-heading\"><strong>7. Protection des donn\u00e9es personnelles<\/strong><\/h3>\n\n<p>DJANTA\u2019O s\u2019engage \u00e0 respecter la confidentialit\u00e9 des donn\u00e9es personnelles collect\u00e9es sur le site. Les informations fournies par les utilisateurs ne sont utilis\u00e9es que dans le cadre de la relation commerciale et conform\u00e9ment \u00e0 la r\u00e9glementation en vigueur (ex : RGPD).<\/p>\n\n<h3 class=\"wp-block-heading\"><strong>8. Engagements \u00e9thiques<\/strong><\/h3>\n\n<p>DJANTA\u2019O s\u2019inscrit dans une logique de commerce responsable et \u00e9quitable. L\u2019entreprise soutient les producteurs locaux, favorise les circuits courts et veille \u00e0 l\u2019impact social et environnemental de ses activit\u00e9s.<\/p>\n\n<h3 class=\"wp-block-heading\"><strong>9. Modification des CGU<\/strong><\/h3>\n\n<p>DJANTA\u2019O se r\u00e9serve le droit de modifier \u00e0 tout moment les pr\u00e9sentes Conditions G\u00e9n\u00e9rales d\u2019Utilisation. Les utilisateurs seront inform\u00e9s des modifications lors de leur prochaine visite sur le site.<\/p>\n\n<h3 class=\"wp-block-heading\"><strong>10. Droit applicable<\/strong><\/h3>\n\n<p>Les pr\u00e9sentes CGU sont soumises au droit en vigueur dans le pays o\u00f9 DJANTA\u2019O est enregistr\u00e9e. En cas de litige, les tribunaux comp\u00e9tents seront ceux du ressort de l\u2019entreprise.<\/p><\/div><\/div>\n<\/div><\/div><p><\/p>","protected":false},"excerpt":{"rendered":"<p>Politique de gestion des cookies Chez DJANTA\u2019O, nous valorisons la qualit\u00e9, l\u2019\u00e9thique et le respect \u2013 des valeurs que nous appliquons aussi dans notre mani\u00e8re de collecter et d\u2019utiliser les donn\u00e9es, notamment \u00e0 travers les cookies. Notre objectif est de vous offrir une navigation fluide, utile et respectueuse de votre vie priv\u00e9e. 1. Qu\u2019est-ce qu\u2019un&#8230;<\/p>\n","protected":false},"author":1,"featured_media":1298,"parent":0,"menu_order":0,"comment_status":"closed","ping_status":"closed","template":"","meta":{"_kadence_starter_templates_imported_post":true,"_kad_post_transparent":"","_kad_post_title":"hide","_kad_post_layout":"fullwidth","_kad_post_sidebar_id":"","_kad_post_content_style":"unboxed","_kad_post_vertical_padding":"hide","_kad_post_feature":"hide","_kad_post_feature_position":"","_kad_post_header":false,"_kad_post_footer":false,"footnotes":""},"class_list":["post-1688","page","type-page","status-publish","has-post-thumbnail","hentry"],"jetpack_sharing_enabled":true,"_links":{"self":[{"href":"https:\/\/djantao.com\/index.php?rest_route=\/wp\/v2\/pages\/1688","targetHints":{"allow":["GET"]}}],"collection":[{"href":"https:\/\/djantao.com\/index.php?rest_route=\/wp\/v2\/pages"}],"about":[{"href":"https:\/\/djantao.com\/index.php?rest_route=\/wp\/v2\/types\/page"}],"author":[{"embeddable":true,"href":"https:\/\/djantao.com\/index.php?rest_route=\/wp\/v2\/users\/1"}],"replies":[{"embeddable":true,"href":"https:\/\/djantao.com\/index.php?rest_route=%2Fwp%2Fv2%2Fcomments&post=1688"}],"version-history":[{"count":3,"href":"https:\/\/djantao.com\/index.php?rest_route=\/wp\/v2\/pages\/1688\/revisions"}],"predecessor-version":[{"id":1691,"href":"https:\/\/djantao.com\/index.php?rest_route=\/wp\/v2\/pages\/1688\/revisions\/1691"}],"wp:featuredmedia":[{"embeddable":true,"href":"https:\/\/djantao.com\/index.php?rest_route=\/wp\/v2\/media\/1298"}],"wp:attachment":[{"href":"https:\/\/djantao.com\/index.php?rest_route=%2Fwp%2Fv2%2Fmedia&parent=1688"}],"curies":[{"name":"wp","href":"https:\/\/api.w.org\/{rel}","templated":true}]}}